{"id":203,"date":"2026-01-13T17:21:37","date_gmt":"2026-01-13T17:21:37","guid":{"rendered":"https:\/\/bizreport.ro\/?page_id=203"},"modified":"2026-02-05T18:40:24","modified_gmt":"2026-02-05T18:40:24","slug":"companii","status":"publish","type":"page","link":"https:\/\/bizreport.ro\/index.php\/stiri\/companii\/","title":{"rendered":"COMPANII"},"content":{"rendered":"\t\t<div data-elementor-type=\"wp-page\" data-elementor-id=\"203\" class=\"elementor elementor-203\" data-elementor-settings=\"{&quot;ha_cmc_init_switcher&quot;:&quot;no&quot;}\">\n\t\t\t\t<div class=\"elementor-element elementor-element-b09a8b1 e-flex e-con-boxed e-con e-parent\" data-id=\"b09a8b1\" data-element_type=\"container\" data-e-type=\"container\" data-settings=\"{&quot;_ha_eqh_enable&quot;:false}\">\n\t\t\t\t\t<div class=\"e-con-inner\">\n\t\t\t\t<div class=\"elementor-element elementor-element-c177ee6 premium-blog-align-left elementor-widget elementor-widget-premium-addon-blog\" data-id=\"c177ee6\" data-element_type=\"widget\" data-e-type=\"widget\" data-settings=\"{&quot;premium_blog_columns_number&quot;:&quot;100%&quot;,&quot;premium_blog_grid&quot;:&quot;yes&quot;,&quot;premium_blog_layout&quot;:&quot;even&quot;,&quot;premium_blog_columns_number_tablet&quot;:&quot;50%&quot;,&quot;premium_blog_columns_number_mobile&quot;:&quot;100%&quot;}\" data-widget_type=\"premium-addon-blog.default\">\n\t\t\t\t\t\r\n\t\t\r\n\r\n\t\t\t\t<div class=\"premium-blog-wrap  premium-blog-even\" data-page=\"203\">\r\n\t\t\t\t\t\t\t\t\t<div class=\"premium-blog-post-outer-container\" data-total=\"4\">\r\n\t\t\t<div class=\"premium-blog-post-container premium-blog-skin-classic\">\r\n\t\t\t\t\t\t\t\t\t<div class=\"premium-blog-thumb-effect-wrapper\">\r\n\t\t\t\t\t\t<div class=\"premium-blog-thumbnail-container premium-blog-zoomin-effect\">\r\n\t\t\t\t\t\t\t<img fetchpriority=\"high\" decoding=\"async\" width=\"2325\" height=\"2252\" src=\"https:\/\/bizreport.ro\/wp-content\/uploads\/2026\/02\/1000110170.jpg\" class=\"attachment-full size-full wp-image-491\" alt=\"\" srcset=\"https:\/\/bizreport.ro\/wp-content\/uploads\/2026\/02\/1000110170.jpg 2325w, https:\/\/bizreport.ro\/wp-content\/uploads\/2026\/02\/1000110170-300x291.jpg 300w, https:\/\/bizreport.ro\/wp-content\/uploads\/2026\/02\/1000110170-1024x992.jpg 1024w, https:\/\/bizreport.ro\/wp-content\/uploads\/2026\/02\/1000110170-768x744.jpg 768w, https:\/\/bizreport.ro\/wp-content\/uploads\/2026\/02\/1000110170-1536x1488.jpg 1536w, https:\/\/bizreport.ro\/wp-content\/uploads\/2026\/02\/1000110170-2048x1984.jpg 2048w\" sizes=\"(max-width: 2325px) 100vw, 2325px\" \/>\t\t\t\t\t\t<\/div>\r\n\t\t\t\t\t\t\t\t\t\t\t\t\t<div class=\"premium-blog-thumbnail-overlay\">\r\n\t\t\t\t\t\t\t\t<a class=\"elementor-icon\" href=\"https:\/\/bizreport.ro\/index.php\/2026\/02\/05\/pete-wakelam-noul-director-general-al-m247-global\/\" target=\"_blank\"><\/a>\r\n\t\t\t\t\t\t\t<\/div>\r\n\r\n\t\t\t\t\t\t\t\t\t\t\t\t\t\t\t\t\t\t<\/div>\r\n\t\t\t\t\t\t\t\t\t\t\t\t<div class=\"premium-blog-content-wrapper \">\r\n\r\n\t\t\t\t\t<div class=\"premium-blog-inner-container\">\r\n\r\n\t\t\t\t\t\t\t\t\t\t\t\t\t\t<h2 class=\"premium-blog-entry-title\">\r\n\t\t\t<a href=\"https:\/\/bizreport.ro\/index.php\/2026\/02\/05\/pete-wakelam-noul-director-general-al-m247-global\/\" target=\"_blank\">\r\n\t\t\t\tPete Wakelam noul Director General  al M247 Global.\t\t\t<\/a>\r\n\t\t<\/h2>\r\n\t\t\t\t<div class=\"premium-blog-entry-meta\">\r\n\t\t\t\t\t\t\t<div class=\"premium-blog-post-author premium-blog-meta-data\">\r\n\t\t\t\t\t<i class=\"fa fa-user fa-fw\" aria-hidden=\"true\"><\/i>\r\n\t\t\t\t\t<a href=\"https:\/\/bizreport.ro\/index.php\/author\/andreielena\/\" title=\"Articole de andreielena\" rel=\"author\">andreielena<\/a>\t\t\t\t<\/div>\r\n\t\t\t\r\n\t\t\t\t\t\t\t<span class=\"premium-blog-meta-separator\">\u2022<\/span>\r\n\t\t\t\t<div class=\"premium-blog-post-time premium-blog-meta-data\">\r\n\t\t\t\t\t<i class=\"fa fa-calendar-alt\" aria-hidden=\"true\"><\/i>\r\n\t\t\t\t\t<span>februarie 5, 2026<\/span>\r\n\t\t\t\t<\/div>\r\n\t\t\t\r\n\t\t\t\t\t\t\t<span class=\"premium-blog-meta-separator\">\u2022<\/span>\r\n\t\t\t\t<div class=\"premium-blog-post-categories premium-blog-meta-data\">\r\n\t\t\t\t\t<i class=\"fa fa-align-left fa-fw\" aria-hidden=\"true\"><\/i>\r\n\t\t\t\t\t<a href=\"https:\/\/bizreport.ro\/index.php\/category\/energie\/\" rel=\"category tag\">ENERGIE<\/a>, <a href=\"https:\/\/bizreport.ro\/index.php\/category\/macroeconomie\/\" rel=\"category tag\">MACROECONOMIE<\/a>\t\t\t\t<\/div>\r\n\t\t\t\r\n\t\t\t\t\t\t\t<span class=\"premium-blog-meta-separator\">\u2022<\/span>\r\n\t\t\t\t<div class=\"premium-blog-post-comments premium-blog-meta-data\">\r\n\t\t\t\t\t<i class=\"fa fa-comments-o fa-fw\" aria-hidden=\"true\"><\/i>\r\n\t\t\t\t\t<a href=\"https:\/\/bizreport.ro\/index.php\/2026\/02\/05\/pete-wakelam-noul-director-general-al-m247-global\/#respond\">No Comments<\/a>\t\t\t\t<\/div>\r\n\t\t\t\t\t<\/div>\r\n\t\t\r\n\t\t\t\t\t<\/div>\r\n\r\n\t\t\t\t\t\t\t<div class=\"premium-blog-content-inner-wrapper\">\r\n\t\t<p class=\"premium-blog-post-content\">Pete Wachelam a de\u021binut timp de mai mul\u021bi ani roluri de conducere de nivel \u00eenalt \u00een cadrul Grupului M247, cel [&hellip;]<\/p>\t\t<\/div>\r\n\t\t\t\t\t\t\t\r\n\t\t\t\t<\/div>\r\n\t\t\t<\/div>\r\n\t\t<\/div>\r\n\r\n\t\t\t\t<div class=\"premium-blog-post-outer-container\" data-total=\"4\">\r\n\t\t\t<div class=\"premium-blog-post-container premium-blog-skin-classic\">\r\n\t\t\t\t\t\t\t\t\t<div class=\"premium-blog-thumb-effect-wrapper\">\r\n\t\t\t\t\t\t<div class=\"premium-blog-thumbnail-container premium-blog-zoomin-effect\">\r\n\t\t\t\t\t\t\t<img decoding=\"async\" width=\"400\" height=\"225\" src=\"https:\/\/bizreport.ro\/wp-content\/uploads\/2026\/01\/Rom-nia-printre-rile-cele-mai-expuse-riscului-de-oprire-brusc-a-fluxurilor-de-capital-Fenomenul-nu-poate-fi-tratat-superficial-.jpg\" class=\"attachment-full size-full wp-image-265\" alt=\"\" srcset=\"https:\/\/bizreport.ro\/wp-content\/uploads\/2026\/01\/Rom-nia-printre-rile-cele-mai-expuse-riscului-de-oprire-brusc-a-fluxurilor-de-capital-Fenomenul-nu-poate-fi-tratat-superficial-.jpg 400w, https:\/\/bizreport.ro\/wp-content\/uploads\/2026\/01\/Rom-nia-printre-rile-cele-mai-expuse-riscului-de-oprire-brusc-a-fluxurilor-de-capital-Fenomenul-nu-poate-fi-tratat-superficial--300x169.jpg 300w\" sizes=\"(max-width: 400px) 100vw, 400px\" \/>\t\t\t\t\t\t<\/div>\r\n\t\t\t\t\t\t\t\t\t\t\t\t\t<div class=\"premium-blog-thumbnail-overlay\">\r\n\t\t\t\t\t\t\t\t<a class=\"elementor-icon\" href=\"https:\/\/bizreport.ro\/index.php\/2026\/02\/05\/13-trilioane-de-dolari-ar-putea-migra-catre-noi-forme-de-plati-accelerand-transformarea-industriei-bancare\/\" target=\"_blank\"><\/a>\r\n\t\t\t\t\t\t\t<\/div>\r\n\r\n\t\t\t\t\t\t\t\t\t\t\t\t\t\t\t\t\t\t<\/div>\r\n\t\t\t\t\t\t\t\t\t\t\t\t<div class=\"premium-blog-content-wrapper \">\r\n\r\n\t\t\t\t\t<div class=\"premium-blog-inner-container\">\r\n\r\n\t\t\t\t\t\t\t\t\t\t\t\t\t\t<h2 class=\"premium-blog-entry-title\">\r\n\t\t\t<a href=\"https:\/\/bizreport.ro\/index.php\/2026\/02\/05\/13-trilioane-de-dolari-ar-putea-migra-catre-noi-forme-de-plati-accelerand-transformarea-industriei-bancare\/\" target=\"_blank\">\r\n\t\t\t\t13 trilioane de dolari ar putea migra c\u0103tre noi forme de pl\u0103\u021bi, acceler\u00e2nd transformarea industriei bancare\t\t\t<\/a>\r\n\t\t<\/h2>\r\n\t\t\t\t<div class=\"premium-blog-entry-meta\">\r\n\t\t\t\t\t\t\t<div class=\"premium-blog-post-author premium-blog-meta-data\">\r\n\t\t\t\t\t<i class=\"fa fa-user fa-fw\" aria-hidden=\"true\"><\/i>\r\n\t\t\t\t\t<a href=\"https:\/\/bizreport.ro\/index.php\/author\/andreielena\/\" title=\"Articole de andreielena\" rel=\"author\">andreielena<\/a>\t\t\t\t<\/div>\r\n\t\t\t\r\n\t\t\t\t\t\t\t<span class=\"premium-blog-meta-separator\">\u2022<\/span>\r\n\t\t\t\t<div class=\"premium-blog-post-time premium-blog-meta-data\">\r\n\t\t\t\t\t<i class=\"fa fa-calendar-alt\" aria-hidden=\"true\"><\/i>\r\n\t\t\t\t\t<span>februarie 5, 2026<\/span>\r\n\t\t\t\t<\/div>\r\n\t\t\t\r\n\t\t\t\t\t\t\t<span class=\"premium-blog-meta-separator\">\u2022<\/span>\r\n\t\t\t\t<div class=\"premium-blog-post-categories premium-blog-meta-data\">\r\n\t\t\t\t\t<i class=\"fa fa-align-left fa-fw\" aria-hidden=\"true\"><\/i>\r\n\t\t\t\t\t<a href=\"https:\/\/bizreport.ro\/index.php\/category\/macroeconomie\/\" rel=\"category tag\">MACROECONOMIE<\/a>\t\t\t\t<\/div>\r\n\t\t\t\r\n\t\t\t\t\t\t\t<span class=\"premium-blog-meta-separator\">\u2022<\/span>\r\n\t\t\t\t<div class=\"premium-blog-post-comments premium-blog-meta-data\">\r\n\t\t\t\t\t<i class=\"fa fa-comments-o fa-fw\" aria-hidden=\"true\"><\/i>\r\n\t\t\t\t\t<a href=\"https:\/\/bizreport.ro\/index.php\/2026\/02\/05\/13-trilioane-de-dolari-ar-putea-migra-catre-noi-forme-de-plati-accelerand-transformarea-industriei-bancare\/#respond\">No Comments<\/a>\t\t\t\t<\/div>\r\n\t\t\t\t\t<\/div>\r\n\t\t\r\n\t\t\t\t\t<\/div>\r\n\r\n\t\t\t\t\t\t\t<div class=\"premium-blog-content-inner-wrapper\">\r\n\t\t<p class=\"premium-blog-post-content\">Sectorul bancar traverseaz\u0103 un moment de transformare profund\u0103. Barierele care au limitat timp de decenii capacitatea de scalare, viteza de [&hellip;]<\/p>\t\t<\/div>\r\n\t\t\t\t\t\t\t\r\n\t\t\t\t<\/div>\r\n\t\t\t<\/div>\r\n\t\t<\/div>\r\n\r\n\t\t\t\t<div class=\"premium-blog-post-outer-container\" data-total=\"4\">\r\n\t\t\t<div class=\"premium-blog-post-container premium-blog-skin-classic\">\r\n\t\t\t\t\t\t\t\t\t<div class=\"premium-blog-thumb-effect-wrapper\">\r\n\t\t\t\t\t\t<div class=\"premium-blog-thumbnail-container premium-blog-zoomin-effect\">\r\n\t\t\t\t\t\t\t<img decoding=\"async\" width=\"1600\" height=\"1067\" src=\"https:\/\/bizreport.ro\/wp-content\/uploads\/2026\/02\/Credit-ipotecar-UniCredit-Bank-1.jpeg\" class=\"attachment-full size-full wp-image-484\" alt=\"\" srcset=\"https:\/\/bizreport.ro\/wp-content\/uploads\/2026\/02\/Credit-ipotecar-UniCredit-Bank-1.jpeg 1600w, https:\/\/bizreport.ro\/wp-content\/uploads\/2026\/02\/Credit-ipotecar-UniCredit-Bank-1-300x200.jpeg 300w, https:\/\/bizreport.ro\/wp-content\/uploads\/2026\/02\/Credit-ipotecar-UniCredit-Bank-1-1024x683.jpeg 1024w, https:\/\/bizreport.ro\/wp-content\/uploads\/2026\/02\/Credit-ipotecar-UniCredit-Bank-1-768x512.jpeg 768w, https:\/\/bizreport.ro\/wp-content\/uploads\/2026\/02\/Credit-ipotecar-UniCredit-Bank-1-1536x1024.jpeg 1536w\" sizes=\"(max-width: 1600px) 100vw, 1600px\" \/>\t\t\t\t\t\t<\/div>\r\n\t\t\t\t\t\t\t\t\t\t\t\t\t<div class=\"premium-blog-thumbnail-overlay\">\r\n\t\t\t\t\t\t\t\t<a class=\"elementor-icon\" href=\"https:\/\/bizreport.ro\/index.php\/2026\/02\/05\/unicredit-bank-lanseaza-credite-pentru-achizitia-locuintei-cu-dobanda-fixa-in-primii-doi-ani-incepand-de-la-459-pe-an-plus-beneficii-suplimentare-pentru-clienti\/\" target=\"_blank\"><\/a>\r\n\t\t\t\t\t\t\t<\/div>\r\n\r\n\t\t\t\t\t\t\t\t\t\t\t\t\t\t\t\t\t\t<\/div>\r\n\t\t\t\t\t\t\t\t\t\t\t\t<div class=\"premium-blog-content-wrapper \">\r\n\r\n\t\t\t\t\t<div class=\"premium-blog-inner-container\">\r\n\r\n\t\t\t\t\t\t\t\t\t\t\t\t\t\t<h2 class=\"premium-blog-entry-title\">\r\n\t\t\t<a href=\"https:\/\/bizreport.ro\/index.php\/2026\/02\/05\/unicredit-bank-lanseaza-credite-pentru-achizitia-locuintei-cu-dobanda-fixa-in-primii-doi-ani-incepand-de-la-459-pe-an-plus-beneficii-suplimentare-pentru-clienti\/\" target=\"_blank\">\r\n\t\t\t\tUniCredit Bank lanseaz\u0103 credite\u00a0pentru achizi\u021bia locuin\u021bei\u00a0cu dob\u00e2nd\u0103 fix\u0103\u00a0\u00een primii doi ani,\u00a0\u00eencep\u00e2nd de la 4,59% pe an, plus beneficii suplimentare pentru clien\u021bi\t\t\t<\/a>\r\n\t\t<\/h2>\r\n\t\t\t\t<div class=\"premium-blog-entry-meta\">\r\n\t\t\t\t\t\t\t<div class=\"premium-blog-post-author premium-blog-meta-data\">\r\n\t\t\t\t\t<i class=\"fa fa-user fa-fw\" aria-hidden=\"true\"><\/i>\r\n\t\t\t\t\t<a href=\"https:\/\/bizreport.ro\/index.php\/author\/andreielena\/\" title=\"Articole de andreielena\" rel=\"author\">andreielena<\/a>\t\t\t\t<\/div>\r\n\t\t\t\r\n\t\t\t\t\t\t\t<span class=\"premium-blog-meta-separator\">\u2022<\/span>\r\n\t\t\t\t<div class=\"premium-blog-post-time premium-blog-meta-data\">\r\n\t\t\t\t\t<i class=\"fa fa-calendar-alt\" aria-hidden=\"true\"><\/i>\r\n\t\t\t\t\t<span>februarie 5, 2026<\/span>\r\n\t\t\t\t<\/div>\r\n\t\t\t\r\n\t\t\t\t\t\t\t<span class=\"premium-blog-meta-separator\">\u2022<\/span>\r\n\t\t\t\t<div class=\"premium-blog-post-categories premium-blog-meta-data\">\r\n\t\t\t\t\t<i class=\"fa fa-align-left fa-fw\" aria-hidden=\"true\"><\/i>\r\n\t\t\t\t\t<a href=\"https:\/\/bizreport.ro\/index.php\/category\/imobiliare\/\" rel=\"category tag\">imobiliare<\/a>, <a href=\"https:\/\/bizreport.ro\/index.php\/category\/macroeconomie\/\" rel=\"category tag\">MACROECONOMIE<\/a>, <a href=\"https:\/\/bizreport.ro\/index.php\/category\/uncategorized\/\" rel=\"category tag\">Uncategorized<\/a>\t\t\t\t<\/div>\r\n\t\t\t\r\n\t\t\t\t\t\t\t<span class=\"premium-blog-meta-separator\">\u2022<\/span>\r\n\t\t\t\t<div class=\"premium-blog-post-comments premium-blog-meta-data\">\r\n\t\t\t\t\t<i class=\"fa fa-comments-o fa-fw\" aria-hidden=\"true\"><\/i>\r\n\t\t\t\t\t<a href=\"https:\/\/bizreport.ro\/index.php\/2026\/02\/05\/unicredit-bank-lanseaza-credite-pentru-achizitia-locuintei-cu-dobanda-fixa-in-primii-doi-ani-incepand-de-la-459-pe-an-plus-beneficii-suplimentare-pentru-clienti\/#respond\">No Comments<\/a>\t\t\t\t<\/div>\r\n\t\t\t\t\t<\/div>\r\n\t\t\r\n\t\t\t\t\t<\/div>\r\n\r\n\t\t\t\t\t\t\t<div class=\"premium-blog-content-inner-wrapper\">\r\n\t\t<p class=\"premium-blog-post-content\">Creditul ipotecar de achizi\u021bie locuin\u021b\u0103 include o dob\u00e2nd\u0103 fix\u0103 redus\u0103 de 4,69% pe an, \u00een primii 2 ani, urmat\u0103 de [&hellip;]<\/p>\t\t<\/div>\r\n\t\t\t\t\t\t\t\r\n\t\t\t\t<\/div>\r\n\t\t\t<\/div>\r\n\t\t<\/div>\r\n\r\n\t\t\t\t<div class=\"premium-blog-post-outer-container\" data-total=\"4\">\r\n\t\t\t<div class=\"premium-blog-post-container premium-blog-skin-classic\">\r\n\t\t\t\t\t\t\t\t\t<div class=\"premium-blog-thumb-effect-wrapper\">\r\n\t\t\t\t\t\t<div class=\"premium-blog-thumbnail-container premium-blog-zoomin-effect\">\r\n\t\t\t\t\t\t\t<img loading=\"lazy\" decoding=\"async\" width=\"2328\" height=\"1552\" src=\"https:\/\/bizreport.ro\/wp-content\/uploads\/2026\/02\/download.jpeg\" class=\"attachment-full size-full wp-image-479\" alt=\"\" srcset=\"https:\/\/bizreport.ro\/wp-content\/uploads\/2026\/02\/download.jpeg 2328w, https:\/\/bizreport.ro\/wp-content\/uploads\/2026\/02\/download-300x200.jpeg 300w, https:\/\/bizreport.ro\/wp-content\/uploads\/2026\/02\/download-1024x683.jpeg 1024w, https:\/\/bizreport.ro\/wp-content\/uploads\/2026\/02\/download-768x512.jpeg 768w, https:\/\/bizreport.ro\/wp-content\/uploads\/2026\/02\/download-1536x1024.jpeg 1536w, https:\/\/bizreport.ro\/wp-content\/uploads\/2026\/02\/download-2048x1365.jpeg 2048w\" sizes=\"(max-width: 2328px) 100vw, 2328px\" \/>\t\t\t\t\t\t<\/div>\r\n\t\t\t\t\t\t\t\t\t\t\t\t\t<div class=\"premium-blog-thumbnail-overlay\">\r\n\t\t\t\t\t\t\t\t<a class=\"elementor-icon\" href=\"https:\/\/bizreport.ro\/index.php\/2026\/02\/05\/lidl-romania-inaugureaza-primele-doua-magazine-din-anul-2026\/\" target=\"_blank\"><\/a>\r\n\t\t\t\t\t\t\t<\/div>\r\n\r\n\t\t\t\t\t\t\t\t\t\t\t\t\t\t\t\t\t\t<\/div>\r\n\t\t\t\t\t\t\t\t\t\t\t\t<div class=\"premium-blog-content-wrapper \">\r\n\r\n\t\t\t\t\t<div class=\"premium-blog-inner-container\">\r\n\r\n\t\t\t\t\t\t\t\t\t\t\t\t\t\t<h2 class=\"premium-blog-entry-title\">\r\n\t\t\t<a href=\"https:\/\/bizreport.ro\/index.php\/2026\/02\/05\/lidl-romania-inaugureaza-primele-doua-magazine-din-anul-2026\/\" target=\"_blank\">\r\n\t\t\t\tLidl Rom\u00e2nia inaugureaz\u0103 primele dou\u0103 magazine din anul 2026\t\t\t<\/a>\r\n\t\t<\/h2>\r\n\t\t\t\t<div class=\"premium-blog-entry-meta\">\r\n\t\t\t\t\t\t\t<div class=\"premium-blog-post-author premium-blog-meta-data\">\r\n\t\t\t\t\t<i class=\"fa fa-user fa-fw\" aria-hidden=\"true\"><\/i>\r\n\t\t\t\t\t<a href=\"https:\/\/bizreport.ro\/index.php\/author\/andreielena\/\" title=\"Articole de andreielena\" rel=\"author\">andreielena<\/a>\t\t\t\t<\/div>\r\n\t\t\t\r\n\t\t\t\t\t\t\t<span class=\"premium-blog-meta-separator\">\u2022<\/span>\r\n\t\t\t\t<div class=\"premium-blog-post-time premium-blog-meta-data\">\r\n\t\t\t\t\t<i class=\"fa fa-calendar-alt\" aria-hidden=\"true\"><\/i>\r\n\t\t\t\t\t<span>februarie 5, 2026<\/span>\r\n\t\t\t\t<\/div>\r\n\t\t\t\r\n\t\t\t\t\t\t\t<span class=\"premium-blog-meta-separator\">\u2022<\/span>\r\n\t\t\t\t<div class=\"premium-blog-post-categories premium-blog-meta-data\">\r\n\t\t\t\t\t<i class=\"fa fa-align-left fa-fw\" aria-hidden=\"true\"><\/i>\r\n\t\t\t\t\t<a href=\"https:\/\/bizreport.ro\/index.php\/category\/macroeconomie\/\" rel=\"category tag\">MACROECONOMIE<\/a>\t\t\t\t<\/div>\r\n\t\t\t\r\n\t\t\t\t\t\t\t<span class=\"premium-blog-meta-separator\">\u2022<\/span>\r\n\t\t\t\t<div class=\"premium-blog-post-comments premium-blog-meta-data\">\r\n\t\t\t\t\t<i class=\"fa fa-comments-o fa-fw\" aria-hidden=\"true\"><\/i>\r\n\t\t\t\t\t<a href=\"https:\/\/bizreport.ro\/index.php\/2026\/02\/05\/lidl-romania-inaugureaza-primele-doua-magazine-din-anul-2026\/#respond\">No Comments<\/a>\t\t\t\t<\/div>\r\n\t\t\t\t\t<\/div>\r\n\t\t\r\n\t\t\t\t\t<\/div>\r\n\r\n\t\t\t\t\t\t\t<div class=\"premium-blog-content-inner-wrapper\">\r\n\t\t<p class=\"premium-blog-post-content\">Lidl \u00ee\u0219i consolideaz\u0103 prezen\u021ba la nivel na\u021bional prin deschiderea a dou\u0103 noi magazine, ast\u0103zi, 5 februarie. Magazinul Lidl din comuna [&hellip;]<\/p>\t\t<\/div>\r\n\t\t\t\t\t\t\t\r\n\t\t\t\t<\/div>\r\n\t\t\t<\/div>\r\n\t\t<\/div>\r\n\r\n\t\t\t\t\t\t\t<\/div>\r\n\r\n\t\t\r\n\t\t\r\n\t\t\t\t\t\t<\/div>\n\t\t\t\t\t<\/div>\n\t\t\t\t<\/div>\n\t\t\t\t<\/div>\n\t\t","protected":false},"excerpt":{"rendered":"<p>Pete Wakelam noul Director General al M247 Global. andreielena \u2022 februarie 5, 2026 \u2022 ENERGIE, MACROECONOMIE \u2022 No Comments Pete [&hellip;]<\/p>\n","protected":false},"author":1,"featured_media":0,"parent":193,"menu_order":0,"comment_status":"closed","ping_status":"closed","template":"elementor_theme","meta":{"site-sidebar-layout":"right-sidebar","site-content-layout":"","ast-site-content-layout":"normal-width-container","site-content-style":"default","site-sidebar-style":"unboxed","ast-global-header-display":"","ast-banner-title-visibility":"","ast-main-header-display":"","ast-hfb-above-header-display":"","ast-hfb-below-header-display":"","ast-hfb-mobile-header-display":"","site-post-title":"","ast-breadcrumbs-content":"","ast-featured-img":"disabled","footer-sml-layout":"","ast-disable-related-posts":"","theme-transparent-header-meta":"","adv-header-id-meta":"","stick-header-meta":"","header-above-stick-meta":"","header-main-stick-meta":"","header-below-stick-meta":"","astra-migrate-meta-layouts":"default","ast-page-background-enabled":"default","ast-page-background-meta":{"desktop":{"background-color":"var(--ast-global-color-5)","background-image":"","background-repeat":"repeat","background-position":"center center","background-size":"auto","background-attachment":"scroll","background-type":"","background-media":"","overlay-type":"","overlay-color":"","overlay-opacity":"","overlay-gradient":""},"tablet":{"background-color":"","background-image":"","background-repeat":"repeat","background-position":"center center","background-size":"auto","background-attachment":"scroll","background-type":"","background-media":"","overlay-type":"","overlay-color":"","overlay-opacity":"","overlay-gradient":""},"mobile":{"background-color":"","background-image":"","background-repeat":"repeat","background-position":"center center","background-size":"auto","background-attachment":"scroll","background-type":"","background-media":"","overlay-type":"","overlay-color":"","overlay-opacity":"","overlay-gradient":""}},"ast-content-background-meta":{"desktop":{"background-color":"var(--ast-global-color-4)","background-image":"","background-repeat":"repeat","background-position":"center center","background-size":"auto","background-attachment":"scroll","background-type":"","background-media":"","overlay-type":"","overlay-color":"","overlay-opacity":"","overlay-gradient":""},"tablet":{"background-color":"var(--ast-global-color-4)","background-image":"","background-repeat":"repeat","background-position":"center center","background-size":"auto","background-attachment":"scroll","background-type":"","background-media":"","overlay-type":"","overlay-color":"","overlay-opacity":"","overlay-gradient":""},"mobile":{"background-color":"var(--ast-global-color-4)","background-image":"","background-repeat":"repeat","background-position":"center center","background-size":"auto","background-attachment":"scroll","background-type":"","background-media":"","overlay-type":"","overlay-color":"","overlay-opacity":"","overlay-gradient":""}},"footnotes":""},"class_list":["post-203","page","type-page","status-publish","hentry"],"_links":{"self":[{"href":"https:\/\/bizreport.ro\/index.php\/wp-json\/wp\/v2\/pages\/203","targetHints":{"allow":["GET"]}}],"collection":[{"href":"https:\/\/bizreport.ro\/index.php\/wp-json\/wp\/v2\/pages"}],"about":[{"href":"https:\/\/bizreport.ro\/index.php\/wp-json\/wp\/v2\/types\/page"}],"author":[{"embeddable":true,"href":"https:\/\/bizreport.ro\/index.php\/wp-json\/wp\/v2\/users\/1"}],"replies":[{"embeddable":true,"href":"https:\/\/bizreport.ro\/index.php\/wp-json\/wp\/v2\/comments?post=203"}],"version-history":[{"count":13,"href":"https:\/\/bizreport.ro\/index.php\/wp-json\/wp\/v2\/pages\/203\/revisions"}],"predecessor-version":[{"id":503,"href":"https:\/\/bizreport.ro\/index.php\/wp-json\/wp\/v2\/pages\/203\/revisions\/503"}],"up":[{"embeddable":true,"href":"https:\/\/bizreport.ro\/index.php\/wp-json\/wp\/v2\/pages\/193"}],"wp:attachment":[{"href":"https:\/\/bizreport.ro\/index.php\/wp-json\/wp\/v2\/media?parent=203"}],"curies":[{"name":"wp","href":"https:\/\/api.w.org\/{rel}","templated":true}]}}